e prime factors of 735353401?
23, 31971887
What are the prime factors of 389318257?
1597, 243781
List the prime factors of 685523761.
13, 661, 79777
List the prime factors of 394416908.
2, 98604227
List the prime factors of 163659934.
2, 29, 113, 24971
List the prime factors of 22055921.
29, 760549
What are the prime factors of 120224515?
5, 2411, 9973
What are the prime factors of 112084892?
2, 463, 60521
What are the prime factors of 119105748?
2, 3, 1102831
What are the prime factors of 1107782137?
7, 11, 19, 137, 5527
List the prime factors of 57222482.
2, 23, 1243967
List the prime factors of 2062983352.
2, 1721, 149839
List the prime factors of 822055051.
47, 103, 3613
What are the prime factors of 21399800?
2, 5, 67, 1597
What are the prime factors of 575079046?
2, 287539523
What are the prime factors of 577905174?
2, 3, 7, 11, 17, 24527
List the prime factors of 120227405.
5, 24045481
List the prime factors of 708094841.
509, 659, 2111
List the prime factors of 717110339.
11, 65191849
List the prime factors of 3442105336.
2, 31, 13879457
List the prime factors of 1558398882.
2, 3, 259733147
List the prime factors of 43227925.
5, 13, 23, 5783
List the prime factors of 51245824.
2, 7, 28597
What are the prime factors of 42904573?
41, 599, 1747
What are the prime factors of 109055674?
2, 7, 13, 85601
List the prime factors of 1163555893.
29, 991, 40487
List the prime factors of 218857865.
5, 19, 2303767
What are the prime factors of 46046597?
46046597
List the prime factors of 1602641836.
2, 400660459
List the prime factors of 117620726.
2, 58810363
List the prime factors of 147975824.
2, 269, 34381
List the prime factors of 10430330.
2, 5, 179, 5827
What are the prime factors of 310594903?
310594903
What are the prime factors of 221414424?
2, 3, 7, 11, 119813
What are the prime factors of 32081739?
3, 1483, 7211
List the prime factors of 54127966.
2, 17, 37, 2531
List the prime factors of 1172948575.
5, 17, 2759879
List the prime factors of 562098547.
562098547
List the prime factors of 37754668.
2, 7, 1348381
What are the prime factors of 125534588?
2, 31383647
List the prime factors of 2274108271.
19, 119689909
List the prime factors of 56951591.
1583, 35977
List the prime factors of 996729414.
2, 3, 17, 9771857
What are the prime factors of 103519479?
3, 7, 307, 16057
What are the prime factors of 34708?
2, 8677
List the prime factors of 8149194.
2, 3, 229, 659
What are the prime factors of 17778294?
2, 3, 17, 58099
List the prime factors of 2979398724.
2, 3, 248283227
What are the prime factors of 2300559291?
3, 23, 11113813
What are the prime factors of 44295121?
13, 53, 1213
What are the prime factors of 124107722?
2, 62053861
List the prime factors of 102778941.
3, 127, 269761
List the prime factors of 354170847.
3, 199, 593251
What are the prime factors of 581381668?
2, 7, 131, 22643
List the prime factors of 1102790070.
2, 3, 5, 191, 64153
What are the prime factors of 16704642?
2, 3, 17, 163771
List the prime factors of 110183907.
3, 19, 79, 24469
What are the prime factors of 10950980?
2, 5, 29, 79, 239
List the prime factors of 43941102.
2, 3, 541, 13537
What are the prime factors of 304647852?
2, 3, 25387321
List the prime factors of 143252795.
5, 7, 17, 71, 3391
List the prime factors of 23620937.
23620937
List the prime factors of 57963801.
3, 7, 79, 34939
What are the prime factors of 275102633?
13, 479, 44179
List the prime factors of 319591736.
2, 39948967
List the prime factors of 278110723.
11, 25282793
List the prime factors of 87901119.
3, 67, 5399
What are the prime factors of 457918622?
2, 7, 53, 131, 673
What are the prime factors of 16144092?
2, 3, 43, 10429
List the prime factors of 969659594.
2, 41, 11825117
List the prime factors of 159968235.
3, 5, 7, 1523507
List the prime factors of 72452068.
2, 13, 37, 37657
What are the prime factors of 2478015715?
5, 7, 103, 687383
List the prime factors of 1719690291.
3, 11, 5790203
List the prime factors of 318546459.
3, 7, 11, 17, 9013
What are the prime factors of 48842377?
17, 2873081
List the prime factors of 259789193.
139, 1868987
List the prime factors of 519192385.
5, 19, 5465183
What are the prime factors of 99574624?
2, 89, 34963
List the prime factors of 8985063.
3, 919, 3259
What are the prime factors of 75554524?
2, 18888631
List the prime factors of 564397395.
3, 5, 1901, 19793
List the prime factors of 628555718.
2, 7, 1621, 27697
What are the prime factors of 100645026?
2, 3, 43, 390097
What are the prime factors of 89687684?
2, 167, 134263
List the prime factors of 1122705382.
2, 373, 1504967
List the prime factors of 4444113775.
5, 19, 9356029
What are the prime factors of 1168905163?
43, 71, 382871
List the prime factors of 322666562.
2, 17, 47, 201919
List the prime factors of 1319922719.
37, 964151
What are the prime factors of 41906922?
2, 3, 6984487
List the prime factors of 9058978.
2, 59, 76771
List the prime factors of 212840703.
3, 109, 24107
What are the prime factors of 3318040697?
23, 313, 460903
List the prime factors of 3209636033.
3209636033
What are the prime factors of 45438039?
3, 5048671
List the prime factors of 31676492.
2, 7919123
List the prime factors of 4545687825.
3, 5, 7, 281, 10271
What are the prime factors of 213712310?
2, 5, 7, 29, 105277
What are the prime factors of 11073995?
5, 157, 14107
What are the prime factors of 144565648?
2, 31, 383, 761
List the prime factors of 9605649.
3, 239, 13397
What are the prime factors of 250828288?
2, 43, 11393
What are the prime factors of 20307110?
2, 5, 2030711
What are the prime factors of 44761908?
2, 3, 3730159
What are the prime factors of 278409543?
3, 31, 2993651
What are the prime factors of 352833765?
3, 5, 349, 67399
What are the prime factors of 145975374?
2, 3, 8109743
List the prime factors of 3416660672.
2, 23, 2321101
What are the prime factors of 135177699?
3, 2099, 21467
List the prime factors of 2448965519.
7, 11, 13, 191, 12809
What are the prime factors of 1140736459?
19, 60038761
What are the prime factors of 1288790510?
2, 5, 7, 23, 137, 5843
List the prime factors of 19113620.
2, 5, 19, 179, 281
List the prime factors of 117609387.
3, 7, 5600447
What are the prime factors of 8547347?
2687, 3181
List the prime factors of 37772866.
2, 47, 401839
List the prime factors of 1419335839.
67, 167, 126851
What are the prime factors of 2619831964?
2, 654957991
List the prime factors of 340310565.
3, 5, 7, 40013
List the prime factors of 3622031724.
2, 3, 301835977
What are the prime factors of 111812878?
2, 61, 149, 6151
List the prime factors of 2875073313.
3, 7, 1423, 96211
What are the prime factors of 1339914319?
1339914319
List the prime factors of 518665575.
3, 5, 6915541
What are the prime factors of 4729407719?
101, 131, 271, 1319
List the prime factors of 408840975.
3, 5, 941, 1931
List the prime factors of 357508276.
2, 199, 449131
What are the prime factors of 69429527?
139, 499493
List the prime factors of 389613183.
3, 19, 6835319
What are the prime factors of 13320667?
193, 69019
What are the prime factors of 50503763?
50503763
What are the prime factors of 47573442?
2, 3, 7, 83, 4549
What are the prime factors of 29082838?
2, 14541419
List the prime factors of 1762222985.
5, 8419, 41863
What are the prime factors of 2839982519?
11, 8627, 29927
List the prime factors of 338404926.
2, 3, 43, 149, 8803
List the prime factors of 7974956884.
2, 151, 13203571
List the prime factors of 69464618.
2, 17, 120181
What are the prime factors of 3139936907?
17, 41, 4504931
List the prime factors of 831414625.
5, 6651317
What are the prime factors of 1137710926?
2, 11, 51714133
What are the prime factors of 473508331?
473508331
List the prime factors of 743345839.
79, 9409441
List the prime factors of 676802440.
2, 5, 181, 93481
List the prime factors of 39236246.
2, 7, 29, 241, 401
What are the prime factors of 23004258?
2, 3, 3834043
List the prime factors of 118479856.
2, 11, 47, 14323
List the prime factors of 75991731.
3, 503, 50359
What are the prime factors of 23952499?
23, 499, 2087
List the prime factors of 145839850.
2, 5, 13, 89, 2521
What are the prime factors of 178613154?
2, 3, 79, 149, 281
What are the prime factors of 54138753?
3, 2005139
What are